39?
9
What is the ten millions digit of 27593586?
2
What is the hundreds digit of 8594695?
6
What is the hundred thousands digit of 174882?
1
What is the tens digit of 1580780?
8
What is the hundred thousands digit of 11211539?
2
What is the thousands digit of 974062?
4
What is the hundred thousands digit of 23093496?
0
What is the tens digit of 115877?
7
What is the ten thousands digit of 88627?
8
What is the ten thousands digit of 217001?
1
What is the tens digit of 287611?
1
What is the tens digit of 75492?
9
What is the tens digit of 351739?
3
What is the tens digit of 13842325?
2
What is the thousands digit of 4163928?
3
What is the hundred thousands digit of 7302149?
3
What is the hundred thousands digit of 203388?
2
What is the hundred thousands digit of 505465?
5
What is the hundreds digit of 1212549?
5
What is the tens digit of 774390?
9
What is the hundred thousands digit of 10422960?
4
What is the hundreds digit of 2311040?
0
What is the hundreds digit of 28243756?
7
What is the thousands digit of 2137572?
7
What is the thousands digit of 9147605?
7
What is the ten thousands digit of 41159?
4
What is the units digit of 3735197?
7
What is the hundreds digit of 835133?
1
What is the tens digit of 594075?
7
What is the tens digit of 191000?
0
What is the ten thousands digit of 160827?
6
What is the thousands digit of 142329?
2
What is the ten thousands digit of 546769?
4
What is the ten thousands digit of 3149453?
4
What is the ten thousands digit of 572671?
7
What is the thousands digit of 13388626?
8
What is the thousands digit of 89990?
9
What is the hundreds digit of 836230?
2
What is the hundreds digit of 5141913?
9
What is the units digit of 6503660?
0
What is the millions digit of 1287383?
1
What is the hundreds digit of 1162752?
7
What is the units digit of 1046706?
6
What is the ten thousands digit of 376831?
7
What is the tens digit of 7299284?
8
What is the ten thousands digit of 930709?
3
What is the hundreds digit of 1343381?
3
What is the hundreds digit of 28359?
3
What is the thousands digit of 1943424?
3
What is the hundred thousands digit of 975479?
9
What is the ten thousands digit of 8929409?
2
What is the tens digit of 595955?
5
What is the hundred thousands digit of 189971?
1
What is the ten thousands digit of 2383225?
8
What is the hundred thousands digit of 2949782?
9
What is the units digit of 1459884?
4
What is the units digit of 14622095?
5
What is the hundred thousands digit of 295465?
2
What is the hundreds digit of 3476642?
6
What is the units digit of 5934719?
9
What is the thousands digit of 815583?
5
What is the ten thousands digit of 6119494?
1
What is the units digit of 271188?
8
What is the units digit of 35864993?
3
What is the millions digit of 9308394?
9
What is the tens digit of 27403815?
1
What is the ten thousands digit of 209862?
0
What is the millions digit of 5899988?
5
What is the hundred thousands digit of 2224414?
2
What is the tens digit of 197615?
1
What is the tens digit of 1233575?
7
What is the hundreds digit of 242157?
1
What is the thousands digit of 15826?
5
What is the tens digit of 31603648?
4
What is the millions digit of 8711107?
8
What is the ten thousands digit of 4212679?
1
What is the thousands digit of 907655?
7
What is the ten thousands digit of 3129084?
2
What is the thousands digit of 2095326?
5
What is the tens digit of 157290?
9
What is the units digit of 313484?
4
What is the ten thousands digit of 1063553?
6
What is the thousands digit of 6646371?
6
What is the hundred thousands digit of 212917?
2
What is the millions digit of 5355240?
5
What is the hundred thousands digit of 2231079?
2
What is the hundreds digit of 8048316?
3
What is the thousands digit of 36786?
6
What is the tens digit of 1125567?
6
What is the hundreds digit of 1837051?
0
What is the millions digit of 13069044?
3
What is the ten thousands digit of 837859?
3
What is the hundreds digit of 11575?
5
What is the millions digit of 28156191?
8
What is the millions digit of 4202085?
4
What is the thousands digit of 206991?
6
What is the hundred thousands digit of 3412353?
4
What is the units digit of 2800593?
3
What is the ten thousands digit of 164589?
6
What is the ten thousands digit of 868564?
6
What is the ten thousands digit of 390206?
9
What is the tens digit of 496420?
2
What is the tens digit of 710771?
7
What is the tens digit of 1672606?
0
What is the hundred thousands digit of 17270953?
2
What is the ten thousands digit of 6821529?
2
What is the hundred thousands digit of 577855?
5
What is the ten thousands digit of 169903?
6
What is the units digit of 1578254?
4
What is the units digit of 311907?
7
What is the hundred thousands digit of 6367078?
3
What is the hundred thousands digit of 771569?
7
What is the thousands digit of 648389?
8
What is the units digit of 18494832?
2
What is the units digit of 673252?
2
What is the tens digit of 314823?
2
What is the thousands digit of 266268?
6
What is the millions digit of 3630909?
3
What is the tens digit of 116084?
8
What is the thousands digit of 197439?
7
What is the ten thousands digit of 3613222?
1
What is the hundreds digit of 15775509?
5
What is the ten thousands digit of 185609?
8
What is the hundreds digit of 1197585?
5
What is the ten thousands digit of 2398268?
9
What is the thousands digit of 30350799?
0
What is the thousands digit of 116002?
6
What is the hundred thousands digit of 9249516?
2
What is the ten millions digit of 29373320?
2
What is the tens digit of 1522092?
9
What is the hundreds digit of 6603320?
3
What is the ten thousands digit of 141381?
4
What is the ten thousands digit of 136500?
3
What is the units digit of 514190?
0
What is the hundreds digit of 2956815?
8
What is the units digit of 6410575?
5
What is the millions digit of 4440491?
4
What is the tens digit of 895770?
7
What is the units digit of 7945089?
9
What is the tens digit of 7400659?
5
What is the thousands digit of 2862511?
2
What is the hundred thousands digit of 423495?
4
What is the thousands digit of 9272162?
2
What is the thousands digit of 228962?
8
What is the units digit of 145185?
5
What is the thousands digit of 454113?
4
What is the tens digit of 2417981?
8
What is the thousands digit of 551841?
1
What is the hundred thousands digit of 279678?
2
What is the hundred thousands digit of 227875?
2
What is the hundreds digit of 8850215?
2
What is the units digit of 5988367?
7
What is the millions digit of 11126360?
1
What is the hundreds digit of 2165416?
4
What is the thousands digit of 195254?
5
What is the tens digit of 372703?
0
What is the ten thousands digit of 207658?
0
What is the units digit of 1065550?
0
What is the units digit of 109655?
5
What is the hundred thousands digit of 355920?
3
What is the ten thousands digit of 5773837?
7
What is the ten thousands digit of 226076?
2
What is the units digit of 41324?
4
What is the hundred thousands digit of 2370779?
3
What is the units digit of 16608?
8
What is the tens digit of 699900?
0
What is the ten thousands digit of 3218896?
1
What is the thousands digit of 12994080?
4
What is the units digit of 896544?
4
What is the millions digit of 33713881?
3
What is the millions digit of 6233554?
6
What is the hundreds digit of 4815095?
0
What is the thousands digit of 19404469?
4
What is the tens digit of 47351?
5
What is the hundreds digit of 2604919?
9
What is the units digit of 291083?
3
What is the hundred thousands digit of 11660520?
6
What is the ten thousands digit of 491447?
9
What is the tens digit of 1105982?
8
What is the millions digit of 6790549?
6
What is the ten thousands digit of 944767?
4
What is the thousands digit of 9683791?
3
What is the thousands digit of 144441?
4
What is the units digit of 3159571?
1
What is the hundred thousands digit of 13212812?
2
What is the millions digit of 4488023?
4
What is the hundreds digit of 838589?
5
What is the ten thousands digit of 3408228?
0
What is the tens digit of 176995?
9
What is the thousands digit of 304592?
4
What is the units digit of 64460?
0
What is the units digit of 61129?
9
What is the ten thousands digit of 781889?
8
What is the tens digit of 4042961?
6
What is the units digit of 15165632?
2
What is the tens digit of 2597